= -r. Let j(i) = i**3 + 6*i**2 + 6*i + 1. What is j(q)?
-4
Let z(h) = -h**3 - 6*h**2 + 7*h - 7. Let w(k) = 8*k + 4*k**2 + 5*k**3 - 5*k**3 + 7 + 3*k - k**3. Let n be w(7). Let a = -70 - n. What is z(a)?
-7
Let o(d) be the second derivative of d**5/10 - 19*d**4/3 + d**3/6 - 55*d**2/2 - 4958*d. Give o(38).
-17
Let i(q) be the second derivative of q**7/1260 + q**6/80 + 6*q**4 + 2*q + 126. Let k(u) be the third derivative of i(u). Give k(-6).
18
Let a(i) = -i**3 + 15*i**2 - 24*i - 15. Let o = 8286 - 8273. Give a(o).
11
Let i(o) = -2*o**2 + 5*o - 2. Let v = -27 - -56. Let y = v + -22. Let s = y + -4. Determine i(s).
-5
Let v(f) = -2*f - 1. Let y be v(2). Let w(x) = -9*x + 11. Let u be (-54)/(-2) + (-36)/6 + 3. Let m(d) = 44*d - 52. Let t(p) = u*w(p) + 5*m(p). Give t(y).
-16
Let s(j) = -j**3 + j**2 - j - 71. Let l be 2/(-8) - (12/60 - 9/20). Give s(l).
-71
Let v(u) = -25*u + 98. Suppose 102*a + 221*a + 67*a - 1950 = 0. Calculate v(a).
-27
Let r(g) = -g - 12. Suppose -3*h + 26 = -5*m, -7 - 27 = -5*h - m. Suppose -5*v - 31 = 2*w, h*w = -v + 2*w - 20. Determine r(v).
-7
Let m(v) = 3*v**2 - 5*v + 22 - 43 + 6 + 19. Give m(-3).
46
Let p(y) be the third derivative of -y**6/120 - y**5/12 + 7*y**4/12 - y**3 - 3*y**2 - 1159*y. What is p(-7)?
-6
Let j(f) = -f**3 + 14*f**2 - 33*f + 9. Let g be 9215/855 + ((-16)/9 - -2). Determine j(g).
9
Let w(p) = -p**3 - 24*p**2. Let k(z) = -z**3 - 28*z**2 - z. Let a(c) = -8*k(c) + 9*w(c). Let o = -20 + 29. Calculate a(o).
-9
Let a(k) = -18*k + 1. Let r(z) = -8*z - 3*z**2 + 1 + z**2 - 2*z + 3*z**2 + z. Let o be r(9). Determine a(o).
-17
Suppose 2*b - 3*w - 7 = 0, 10 = 3*b - 4*w - w. Let q(u) = u**3 - 2*u**2 + 9*u - 1. Determine q(b).
119
Let f = 35 - 35. Suppose -4*v = -h - 14, f = 4*h + 10 - 2. Let d(r) = 2 - v - r - 4. Give d(-8).
3
Let z(c) = -10*c**3 - 5*c**2 + 6*c + 15. Let x(t) = 28*t**3 + 15*t**2 - 16*t - 42. Let h(o) = 3*x(o) + 8*z(o). Give h(-3).
-69
Let o(p) be the second derivative of p**3/6 + 9*p**2/2 + 2*p. Suppose -4*z + 391 = -m + 4*m, m - 486 = -5*z. Let n = 97 - z. What is o(n)?
9
Suppose -4*h + 0*h - 32 = 2*z, 1 = -z + h. Let g(f) = 13*f + 19. Let y(q) = 44*q + 61. Let k(d) = 7*g(d) - 2*y(d). What is k(z)?
-7
Let s(c) = -24*c**2 - 11*c**2 - c**3 + 18 - c - 23*c**2 + 49*c**2. Give s(-8).
-38
Let c(r) = r**2 + 0*r**2 + 4*r - 18 - 3*r. Suppose -30*y - 8104 + 8104 = 0. What is c(y)?
-18
Suppose -2*q - 3*q + 102 = -2*p, 2*q + p = 39. Suppose 0 = 2*s + 4, 3*m + 5*s = -q - 2. Let t(a) = -6*a**2 + 3*a + 5*a**2 + 3*a + 3*a**2. Give t(m).
8
Let j(y) be the third derivative of 5*y**4/12 + 9*y**3/2 - 2*y**2 - 18. Let b be j(-2). Let l(h) = 3*h + 7. Determine l(b).
28
Let o be ((-24)/32)/(342/120 - 3). Let r(f) = -2*f + 29 - 60 + 40. Calculate r(o).
-1
Let i be 10/(-15)*(7*4/14 + 1). Let j(t) = -2*t**2 - 6*t - 3. Give j(i).
1
Suppose 0 = 3*o - 2*o + 2. Let k = -63 - -66. Let g(a) = -6*a**2 - 2*a + 5. Let p(y) = -5*y**2 - 2*y + 4. Let x(t) = k*p(t) + o*g(t). What is x(-2)?
-6
Suppose 4*i - 4*t - 8 = 0, -i + 11 = -4*t + 15. Let r(m) = -4*m**3 + 4 - 12*m + i*m + 5*m**3 + 6*m**2 - 1. Calculate r(-7).
10
Let n(i) be the first derivative of -i**4/2 + 2*i**3 + 23*i**2/2 - 30*i + 6881. What is n(5)?
-15
Let h(n) = n**3 + 2*n**2 + n - 2. Let a(b) = -3*b**3 - 19*b**2 - 12*b - 9. Let o(g) = a(g) + h(g). Give o(-8).
13
Let o(n) = 2*n**2 - 10*n + 4. Let w be (-306)/(-7) - 4/42*-3. Let p be 187/w - (-3)/(-12). Determine o(p).
-4
Let s(i) be the second derivative of -i**5/20 + 3*i**4/4 - 7*i**3/6 + 4*i**2 - i. Let x be (10/7*(4 + 3))/(7610/6088). Determine s(x).
16
Let f(b) = -b**2 + 9*b - 10. Let y be -5 - (-8)/4 - (1 + -16). Determine f(y).
-46
Let h(y) be the second derivative of -1 - 3*y - 1/2*y**2 + 1/6*y**3 + 1/2*y**4. What is h(-2)?
21
Let t(d) = -72*d - 37. Let x be t(-5). Suppose 327*a + 8 = x*a. Let p(o) = 14*o + 3. Give p(a).
-25
Let l(k) be the second derivative of k**4/8 - 23*k**2/2 + 543*k. Let v(z) be the first derivative of l(z). Suppose 0*d + 4*d = -16. Determine v(d).
-12
Suppose -10*p + 1287 = 3*p. Let o = 100 - p. Let w(u) = 9*u - 1. What is w(o)?
8
Let y be (-981)/15 + 6/15. Let v be 8/36 - y/(-9). Let u(d) be the first derivative of d**2/2 + 2*d - 3235. Calculate u(v).
-5
Let l(p) = 89. Let u(z) = -z - 91. Let y(d) = -3*l(d) - 4*u(d). Give y(-22).
9
Let c(u) = 0*u - 2*u + 4 - 3*u**3 + 2*u**3 + 4*u**2. Suppose -2*s - 44344 + 44350 = 0. What is c(s)?
7
Let m(j) be the first derivative of -j**3/3 + 8*j**2 + 10*j - 1204. Determine m(16).
10
Let q(d) = d**2 - 7*d - 3. Suppose -12*t - 10 = -15*t + j, 2*j = 2*t. Suppose 3*s - t*v = -1, 2*s - 2*v = -3*s + 30. Determine q(s).
5
Let o be -10 - (3 - (15 + -8)). Let k(w) = -w**3 - 5*w**2 + 13*w + 39. Give k(o).
-3
Suppose 3*k = -4*c + 13, -16 = -1753*k + 1752*k - 3*c. Let p(s) = -s - 3*s + 2 + 3*s. Determine p(k).
7
Let k(x) = -3 - 15 + 16 - 2*x - 6 - 9. What is k(-13)?
9
Let y = 0 + 26. Let t be 143/y + (-2)/(-4). Let v(q) = 62 + 64 - 130 + q. Give v(t).
2
Suppose -99*n + 37 = -3*g - 104*n, -14*g - 195 = n. Let q(s) = -s**2 - 8*s + 80. Determine q(g).
-4
Suppose 0 = 6*c - 13 + 1. Let y be 39/26*8/6. Let h(d) = 1 - d + 0 - 42*d**c + 44*d**y. Give h(2).
7
Let h = 11 + -7. Let i(f) = 4*f**3 - 25*f**2 + 8*f - 7. Let x be i(6). Let b(l) = -h*l - 3*l + x*l + 1. What is b(-3)?
7
Suppose 2*i - 930 = 4*i. Let k = 477 + i. Let l(o) = -o**3 + 12*o**2 + o - 4. Give l(k).
8
Suppose 3*x + 438 = 435. Let s(l) = -13*l**2 - 2*l. Give s(x).
-11
Let t(g) = g**2 - 2*g - 3. Let h be (-3)/(-1 - (-49)/56). Suppose -4*s = 4*d + 28, 5*d + 4*s = 3*d - h. Determine t(d).
5
Suppose l = -5*n + 8 - 0, -2 = -2*l + 4*n. Let p(i) = -2*i**2 - i - 1. Let o(h) = -4*h**2 - h - 2. Let v(k) = l*o(k) - 5*p(k). Give v(2).
-5
Let i(m) be the first derivative of -3*m**2 - 66 - 1/3*m**3 - 2*m. Determine i(-7).
-9
Let w(t) = -t**2 + 19*t - 58. Let j be w(4). Let o(d) = 314*d + 323*d - 634*d - j. Give o(4).
10
Let z(k) = -k**2 - 6*k. Let a = -28 - -25. Let i(v) = 2*v**2 + 11*v + 1. Suppose -7 = -3*l - 22. Let s(w) = a*i(w) + l*z(w). What is s(-2)?
-1
Let u(o) = -8*o**3 - 2*o**2 + 1. Let p be u(1). Suppose 0 = 2*d - m + 7 - 8, 2*d = -2*m + 10. Let t be d/(-8) - p/(-12). Let a(h) = -4*h**2 + 1. Calculate a(t).
-3
Let b be 20/(-8) - (-4)/24*3. Let d be ((10 - 16)/6)/(1/b). Let s(v) = -2*v**3 + v**2 + 3*v - 3. Calculate s(d).
-9
Let k(y) be the third derivative of -y**6/60 - 11*y**5/60 + y**4/12 - 4*y**3/3 + 3594*y**2. Give k(-5).
-43
Let x(n) = -2*n**2 + 9*n - 11. Let d = 1892 - 1180. Let q = -707 + d. Determine x(q).
-16
Let l(t) = -587 + t**3 + 0*t**3 + 15*t - t**2 - 6*t**2 + 582. Determine l(6).
49
Let q(i) be the third derivative of -4*i**5/15 + i**4/12 - i**3/3 + 26*i**2 + 11*i. Determine q(2).
-62
Let c(d) = 5*d + 131. Let a be (-19980)/840 - 30/140. Calculate c(a).
11
Suppose 15 - 16 = t. Let c(b) = -13*b - 7. Let v(k) = -3*k - 1. Let x(s) = t*c(s) + 2*v(s). Give x(-2).
-9
Suppose -686*o + 692*o - 252 = 0. Let v(m) = m**3 - 43*m**2 + 45*m - 132. Let t be v(o). Let x(i) = 4*i - i**3 + 10 - 7 - 5*i**2 + i. Give x(t).
9
Let v(u) = -5*u**2 + 17*u - 31. Let x(o) = -4*o**2 + 14*o - 24. Let k(d) = -3*v(d) + 4*x(d). Let z be (0 + 0 - -6)/1. Calculate k(z).
-9
Suppose -20 - 3 + 3 = 2*w. Let v(y) = y**3 + 11*y**2 + 11*y + 10. Give v(w).
0
Let i(d) = -3*d - 51. Let l be i(-18). Let w(r) = 11*r**3 - 5*r**3 - 5*r**l - 2*r**3 + 4*r. Determine w(-3).
15
Let s(o) be the third derivative of o**5/60 + 3*o**4/8 - 5*o**3/6 - o**2. Let z(a) = -3*a**2 + 91*a - 347. Let x be z(26). Calculate s(x).
-5
Let f(t) = -2 + 2 - 18 - 2 - 4 + 18 - t**2 - 8*t. Let p = 5 + -1. Let z be p/(-18) - (-104)/(-18). Determine f(z).
6
Suppose -3*q = -2*i + 7, 62*i - 14 = 63*i + q. Let y(z) = 7*z + 29. What is y(i)?
-20
Let x(s) = -s - 19. Let n(b) = 2 - 5 + 9 - 3 - 1. Let l(i) = -22*n(i) - 2*x(i). Give l(5).
4
Let i be 5 - 9/((-18)/(-6)). Let b(t) = 10*t**3 - 12*t**3 + t**i + 18*t**3. Give b(1).
17
Let s(p) = p**3 + 2*p**2 - p - 18. Let z = 3938 - 3938. Determine s(z).
-18
Suppose -19 + 4 = 3*u. Let p(b) = 9719096 - 2*b - 19438182 + 9719083. Calculate p(u).
7
Suppose 0 = 3*s, 4*s + 18 = 2*i - 0*i. Let t(a) = a**2 - 11*a + 13. What is t(i)?
-5
Let m(q) = 11*q - 8. Let p(h) = 25*h - 15. Suppose 2*o + 22 = -9*o. Let a(x) = o*p(x) + 5*m(x). What is a(3)?
5
L